{"id":505,"date":"2019-01-19T13:52:24","date_gmt":"2019-01-19T12:52:24","guid":{"rendered":"http:\/\/zrkvelenje.nastech.si\/?page_id=505"},"modified":"2021-10-21T14:50:07","modified_gmt":"2021-10-21T13:50:07","slug":"strokovno-vodstvo","status":"publish","type":"page","link":"http:\/\/zrkvelenje.si\/?page_id=505","title":{"rendered":"STROKOVNO VODSTVO"},"content":{"rendered":"\t\t<div data-elementor-type=\"wp-page\" data-elementor-id=\"505\" class=\"elementor elementor-505\" data-elementor-settings=\"[]\">\n\t\t\t\t\t\t<div class=\"elementor-inner\">\n\t\t\t\t\t\t\t<div class=\"elementor-section-wrap\">\n\t\t\t\t\t\t\t<section class=\"elementor-section elementor-top-section elementor-element elementor-element-400c92a elementor-section-boxed elementor-section-height-default elementor-section-height-default\" data-id=\"400c92a\" data-element_type=\"section\">\n\t\t\t\t\t\t<div class=\"elementor-container elementor-column-gap-default\">\n\t\t\t\t\t\t\t<div class=\"elementor-row\">\n\t\t\t\t\t<div class=\"elementor-column elementor-col-50 elementor-top-column elementor-element elementor-element-623b5bc\" data-id=\"623b5bc\" data-element_type=\"column\">\n\t\t\t<div class=\"elementor-column-wrap elementor-element-populated\">\n\t\t\t\t\t\t\t<div class=\"elementor-widget-wrap\">\n\t\t\t\t\t\t<section class=\"elementor-section elementor-inner-section elementor-element elementor-element-36679b6 elementor-section-boxed elementor-section-height-default elementor-section-height-default\" data-id=\"36679b6\" data-element_type=\"section\">\n\t\t\t\t\t\t<div class=\"elementor-container elementor-column-gap-default\">\n\t\t\t\t\t\t\t<div class=\"elementor-row\">\n\t\t\t\t\t<div class=\"elementor-column elementor-col-50 elementor-inner-column elementor-element elementor-element-e666f46\" data-id=\"e666f46\" data-element_type=\"column\">\n\t\t\t<div class=\"elementor-column-wrap elementor-element-populated\">\n\t\t\t\t\t\t\t<div class=\"elementor-widget-wrap\">\n\t\t\t\t\t\t<div class=\"elementor-element elementor-element-bb18037 elementor-widget elementor-widget-image\" data-id=\"bb18037\" data-element_type=\"widget\" data-widget_type=\"image.default\">\n\t\t\t\t<div class=\"elementor-widget-container\">\n\t\t\t\t\t<div class=\"elementor-image\">\n\t\t\t\t\t\t\t\t\t\t<img width=\"682\" height=\"1024\" src=\"http:\/\/zrkvelenje.si\/wp-content\/uploads\/2021\/10\/Izdelek-brez-naslova-2-682x1024.png\" class=\"attachment-large size-large\" alt=\"\" loading=\"lazy\" srcset=\"http:\/\/zrkvelenje.si\/wp-content\/uploads\/2021\/10\/Izdelek-brez-naslova-2-682x1024.png 682w, http:\/\/zrkvelenje.si\/wp-content\/uploads\/2021\/10\/Izdelek-brez-naslova-2-200x300.png 200w, http:\/\/zrkvelenje.si\/wp-content\/uploads\/2021\/10\/Izdelek-brez-naslova-2-768x1153.png 768w, http:\/\/zrkvelenje.si\/wp-content\/uploads\/2021\/10\/Izdelek-brez-naslova-2-1023x1536.png 1023w, http:\/\/zrkvelenje.si\/wp-content\/uploads\/2021\/10\/Izdelek-brez-naslova-2-1364x2048.png 1364w, http:\/\/zrkvelenje.si\/wp-content\/uploads\/2021\/10\/Izdelek-brez-naslova-2-1024x1538.png 1024w, http:\/\/zrkvelenje.si\/wp-content\/uploads\/2021\/10\/Izdelek-brez-naslova-2-719x1080.png 719w, http:\/\/zrkvelenje.si\/wp-content\/uploads\/2021\/10\/Izdelek-brez-naslova-2.png 1812w\" sizes=\"(max-width: 682px) 100vw, 682px\" \/>\t\t\t\t\t\t\t\t\t\t\t<\/div>\n\t\t\t\t<\/div>\n\t\t\t\t<\/div>\n\t\t\t\t\t\t<\/div>\n\t\t\t\t\t<\/div>\n\t\t<\/div>\n\t\t\t\t<div class=\"elementor-column elementor-col-50 elementor-inner-column elementor-element elementor-element-e590906\" data-id=\"e590906\" data-element_type=\"column\">\n\t\t\t<div class=\"elementor-column-wrap elementor-element-populated\">\n\t\t\t\t\t\t\t<div class=\"elementor-widget-wrap\">\n\t\t\t\t\t\t<div class=\"elementor-element elementor-element-47484f3 elementor-widget elementor-widget-text-editor\" data-id=\"47484f3\" data-element_type=\"widget\" data-widget_type=\"text-editor.default\">\n\t\t\t\t<div class=\"elementor-widget-container\">\n\t\t\t\t\t<div class=\"elementor-text-editor elementor-clearfix\"><p style=\"text-align: center;\"><strong>\u00a0<\/strong><\/p><p style=\"text-align: center;\"><strong>\u00a0<\/strong><\/p><p style=\"text-align: center;\"><strong>BOJAN BRCAR\u00a0<\/strong><\/p><p style=\"text-align: center;\">\u00a0<\/p><p style=\"text-align: center;\">PREDSEDNIK KLUBA\u00a0<\/p><\/div>\n\t\t\t\t<\/div>\n\t\t\t\t<\/div>\n\t\t\t\t\t\t<\/div>\n\t\t\t\t\t<\/div>\n\t\t<\/div>\n\t\t\t\t\t\t\t\t<\/div>\n\t\t\t\t\t<\/div>\n\t\t<\/section>\n\t\t\t\t\t\t<\/div>\n\t\t\t\t\t<\/div>\n\t\t<\/div>\n\t\t\t\t<div class=\"elementor-column elementor-col-50 elementor-top-column elementor-element elementor-element-e67c958\" data-id=\"e67c958\" data-element_type=\"column\">\n\t\t\t<div class=\"elementor-column-wrap elementor-element-populated\">\n\t\t\t\t\t\t\t<div class=\"elementor-widget-wrap\">\n\t\t\t\t\t\t<section class=\"elementor-section elementor-inner-section elementor-element elementor-element-86d6285 elementor-section-boxed elementor-section-height-default elementor-section-height-default\" data-id=\"86d6285\" data-element_type=\"section\">\n\t\t\t\t\t\t<div class=\"elementor-container elementor-column-gap-default\">\n\t\t\t\t\t\t\t<div class=\"elementor-row\">\n\t\t\t\t\t<div class=\"elementor-column elementor-col-50 elementor-inner-column elementor-element elementor-element-c03c797\" data-id=\"c03c797\" data-element_type=\"column\">\n\t\t\t<div class=\"elementor-column-wrap elementor-element-populated\">\n\t\t\t\t\t\t\t<div class=\"elementor-widget-wrap\">\n\t\t\t\t\t\t<div class=\"elementor-element elementor-element-88124f6 elementor-widget elementor-widget-image\" data-id=\"88124f6\" data-element_type=\"widget\" data-widget_type=\"image.default\">\n\t\t\t\t<div class=\"elementor-widget-container\">\n\t\t\t\t\t<div class=\"elementor-image\">\n\t\t\t\t\t\t\t\t\t\t<img width=\"682\" height=\"1024\" src=\"http:\/\/zrkvelenje.si\/wp-content\/uploads\/2021\/10\/21-682x1024.png\" class=\"attachment-large size-large\" alt=\"\" loading=\"lazy\" srcset=\"http:\/\/zrkvelenje.si\/wp-content\/uploads\/2021\/10\/21-682x1024.png 682w, http:\/\/zrkvelenje.si\/wp-content\/uploads\/2021\/10\/21-200x300.png 200w, http:\/\/zrkvelenje.si\/wp-content\/uploads\/2021\/10\/21-768x1153.png 768w, http:\/\/zrkvelenje.si\/wp-content\/uploads\/2021\/10\/21-1023x1536.png 1023w, http:\/\/zrkvelenje.si\/wp-content\/uploads\/2021\/10\/21-1364x2048.png 1364w, http:\/\/zrkvelenje.si\/wp-content\/uploads\/2021\/10\/21-1024x1538.png 1024w, http:\/\/zrkvelenje.si\/wp-content\/uploads\/2021\/10\/21-719x1080.png 719w, http:\/\/zrkvelenje.si\/wp-content\/uploads\/2021\/10\/21.png 1812w\" sizes=\"(max-width: 682px) 100vw, 682px\" \/>\t\t\t\t\t\t\t\t\t\t\t<\/div>\n\t\t\t\t<\/div>\n\t\t\t\t<\/div>\n\t\t\t\t\t\t<\/div>\n\t\t\t\t\t<\/div>\n\t\t<\/div>\n\t\t\t\t<div class=\"elementor-column elementor-col-50 elementor-inner-column elementor-element elementor-element-fea5507\" data-id=\"fea5507\" data-element_type=\"column\">\n\t\t\t<div class=\"elementor-column-wrap elementor-element-populated\">\n\t\t\t\t\t\t\t<div class=\"elementor-widget-wrap\">\n\t\t\t\t\t\t<div class=\"elementor-element elementor-element-6aa27c1 elementor-widget elementor-widget-text-editor\" data-id=\"6aa27c1\" data-element_type=\"widget\" data-widget_type=\"text-editor.default\">\n\t\t\t\t<div class=\"elementor-widget-container\">\n\t\t\t\t\t<div class=\"elementor-text-editor elementor-clearfix\"><p style=\"text-align: center;\"><strong>\u00a0<\/strong><\/p><p style=\"text-align: center;\"><strong style=\"font-size: 18px; color: var( --e-global-color-text ); font-family: var( --e-global-typography-text-font-family ), Sans-serif;\">\u00a0<\/strong><\/p><p style=\"text-align: center;\"><strong style=\"font-size: 18px; color: var( --e-global-color-text ); font-family: var( --e-global-typography-text-font-family ), Sans-serif;\">SNE\u017dANA TAM\u0160E RODI\u0106<\/strong><\/p><p style=\"text-align: center;\">\u00a0<\/p><p style=\"text-align: center;\">TRENERKA \u010cLANSKE IN MLADINSKE EKIPE<\/p><\/div>\n\t\t\t\t<\/div>\n\t\t\t\t<\/div>\n\t\t\t\t\t\t<\/div>\n\t\t\t\t\t<\/div>\n\t\t<\/div>\n\t\t\t\t\t\t\t\t<\/div>\n\t\t\t\t\t<\/div>\n\t\t<\/section>\n\t\t\t\t\t\t<\/div>\n\t\t\t\t\t<\/div>\n\t\t<\/div>\n\t\t\t\t\t\t\t\t<\/div>\n\t\t\t\t\t<\/div>\n\t\t<\/section>\n\t\t\t\t<section class=\"elementor-section elementor-top-section elementor-element elementor-element-a67f062 elementor-section-boxed elementor-section-height-default elementor-section-height-default\" data-id=\"a67f062\" data-element_type=\"section\">\n\t\t\t\t\t\t<div class=\"elementor-container elementor-column-gap-default\">\n\t\t\t\t\t\t\t<div class=\"elementor-row\">\n\t\t\t\t\t<div class=\"elementor-column elementor-col-50 elementor-top-column elementor-element elementor-element-dd0bc2f\" data-id=\"dd0bc2f\" data-element_type=\"column\">\n\t\t\t<div class=\"elementor-column-wrap elementor-element-populated\">\n\t\t\t\t\t\t\t<div class=\"elementor-widget-wrap\">\n\t\t\t\t\t\t<section class=\"elementor-section elementor-inner-section elementor-element elementor-element-6ff43c6 elementor-section-boxed elementor-section-height-default elementor-section-height-default\" data-id=\"6ff43c6\" data-element_type=\"section\">\n\t\t\t\t\t\t<div class=\"elementor-container elementor-column-gap-default\">\n\t\t\t\t\t\t\t<div class=\"elementor-row\">\n\t\t\t\t\t<div class=\"elementor-column elementor-col-50 elementor-inner-column elementor-element elementor-element-a823ac3\" data-id=\"a823ac3\" data-element_type=\"column\">\n\t\t\t<div class=\"elementor-column-wrap elementor-element-populated\">\n\t\t\t\t\t\t\t<div class=\"elementor-widget-wrap\">\n\t\t\t\t\t\t<div class=\"elementor-element elementor-element-adc6c84 elementor-widget elementor-widget-text-editor\" data-id=\"adc6c84\" data-element_type=\"widget\" data-widget_type=\"text-editor.default\">\n\t\t\t\t<div class=\"elementor-widget-container\">\n\t\t\t\t\t<div class=\"elementor-text-editor elementor-clearfix\"><p style=\"text-align: center;\"><strong>\u00a0<\/strong><\/p><p style=\"text-align: center;\"><strong>\u00a0<\/strong><\/p><p style=\"text-align: center;\"><strong>GABRIJELA TADI\u0106<\/strong><\/p><p style=\"text-align: center;\">\u00a0<\/p><p style=\"text-align: center;\">POMO\u010cNICA GLAVNE TRENERKE\u00a0<\/p><\/div>\n\t\t\t\t<\/div>\n\t\t\t\t<\/div>\n\t\t\t\t\t\t<\/div>\n\t\t\t\t\t<\/div>\n\t\t<\/div>\n\t\t\t\t<div class=\"elementor-column elementor-col-50 elementor-inner-column elementor-element elementor-element-7b3d617\" data-id=\"7b3d617\" data-element_type=\"column\">\n\t\t\t<div class=\"elementor-column-wrap elementor-element-populated\">\n\t\t\t\t\t\t\t<div class=\"elementor-widget-wrap\">\n\t\t\t\t\t\t<div class=\"elementor-element elementor-element-881c3ab elementor-widget elementor-widget-image\" data-id=\"881c3ab\" data-element_type=\"widget\" data-widget_type=\"image.default\">\n\t\t\t\t<div class=\"elementor-widget-container\">\n\t\t\t\t\t<div class=\"elementor-image\">\n\t\t\t\t\t\t\t\t\t\t<img width=\"682\" height=\"1024\" src=\"http:\/\/zrkvelenje.si\/wp-content\/uploads\/2021\/10\/17-682x1024.png\" class=\"attachment-large size-large\" alt=\"\" loading=\"lazy\" srcset=\"http:\/\/zrkvelenje.si\/wp-content\/uploads\/2021\/10\/17-682x1024.png 682w, http:\/\/zrkvelenje.si\/wp-content\/uploads\/2021\/10\/17-200x300.png 200w, http:\/\/zrkvelenje.si\/wp-content\/uploads\/2021\/10\/17-768x1153.png 768w, http:\/\/zrkvelenje.si\/wp-content\/uploads\/2021\/10\/17-1023x1536.png 1023w, http:\/\/zrkvelenje.si\/wp-content\/uploads\/2021\/10\/17-1364x2048.png 1364w, http:\/\/zrkvelenje.si\/wp-content\/uploads\/2021\/10\/17-1024x1538.png 1024w, http:\/\/zrkvelenje.si\/wp-content\/uploads\/2021\/10\/17-719x1080.png 719w, http:\/\/zrkvelenje.si\/wp-content\/uploads\/2021\/10\/17.png 1812w\" sizes=\"(max-width: 682px) 100vw, 682px\" \/>\t\t\t\t\t\t\t\t\t\t\t<\/div>\n\t\t\t\t<\/div>\n\t\t\t\t<\/div>\n\t\t\t\t\t\t<\/div>\n\t\t\t\t\t<\/div>\n\t\t<\/div>\n\t\t\t\t\t\t\t\t<\/div>\n\t\t\t\t\t<\/div>\n\t\t<\/section>\n\t\t\t\t\t\t<\/div>\n\t\t\t\t\t<\/div>\n\t\t<\/div>\n\t\t\t\t<div class=\"elementor-column elementor-col-50 elementor-top-column elementor-element elementor-element-2bf536a\" data-id=\"2bf536a\" data-element_type=\"column\">\n\t\t\t<div class=\"elementor-column-wrap elementor-element-populated\">\n\t\t\t\t\t\t\t<div class=\"elementor-widget-wrap\">\n\t\t\t\t\t\t<section class=\"elementor-section elementor-inner-section elementor-element elementor-element-7c4d953 elementor-section-boxed elementor-section-height-default elementor-section-height-default\" data-id=\"7c4d953\" data-element_type=\"section\">\n\t\t\t\t\t\t<div class=\"elementor-container elementor-column-gap-default\">\n\t\t\t\t\t\t\t<div class=\"elementor-row\">\n\t\t\t\t\t<div class=\"elementor-column elementor-col-50 elementor-inner-column elementor-element elementor-element-3e0921d\" data-id=\"3e0921d\" data-element_type=\"column\">\n\t\t\t<div class=\"elementor-column-wrap elementor-element-populated\">\n\t\t\t\t\t\t\t<div class=\"elementor-widget-wrap\">\n\t\t\t\t\t\t<div class=\"elementor-element elementor-element-82cfa9f elementor-widget elementor-widget-text-editor\" data-id=\"82cfa9f\" data-element_type=\"widget\" data-widget_type=\"text-editor.default\">\n\t\t\t\t<div class=\"elementor-widget-container\">\n\t\t\t\t\t<div class=\"elementor-text-editor elementor-clearfix\"><p>\u00a0<\/p><p style=\"text-align: center;\"><strong>\u00a0<\/strong><\/p><p style=\"text-align: center;\"><strong>\u00a0<\/strong><\/p><p style=\"text-align: center;\"><strong>SA\u0160O PISTOTNIK\u00a0<\/strong><\/p><p style=\"text-align: center;\">\u00a0<\/p><p style=\"text-align: center;\">TRENER ZA TELESNO PRIPRAVO<\/p><\/div>\n\t\t\t\t<\/div>\n\t\t\t\t<\/div>\n\t\t\t\t\t\t<\/div>\n\t\t\t\t\t<\/div>\n\t\t<\/div>\n\t\t\t\t<div class=\"elementor-column elementor-col-50 elementor-inner-column elementor-element elementor-element-21dfa0c\" data-id=\"21dfa0c\" data-element_type=\"column\">\n\t\t\t<div class=\"elementor-column-wrap elementor-element-populated\">\n\t\t\t\t\t\t\t<div class=\"elementor-widget-wrap\">\n\t\t\t\t\t\t<div class=\"elementor-element elementor-element-b60fe55 elementor-widget elementor-widget-image\" data-id=\"b60fe55\" data-element_type=\"widget\" data-widget_type=\"image.default\">\n\t\t\t\t<div class=\"elementor-widget-container\">\n\t\t\t\t\t<div class=\"elementor-image\">\n\t\t\t\t\t\t\t\t\t\t<img width=\"682\" height=\"1024\" src=\"http:\/\/zrkvelenje.si\/wp-content\/uploads\/2021\/10\/20-682x1024.png\" class=\"attachment-large size-large\" alt=\"\" loading=\"lazy\" srcset=\"http:\/\/zrkvelenje.si\/wp-content\/uploads\/2021\/10\/20-682x1024.png 682w, http:\/\/zrkvelenje.si\/wp-content\/uploads\/2021\/10\/20-200x300.png 200w, http:\/\/zrkvelenje.si\/wp-content\/uploads\/2021\/10\/20-768x1153.png 768w, http:\/\/zrkvelenje.si\/wp-content\/uploads\/2021\/10\/20-1023x1536.png 1023w, http:\/\/zrkvelenje.si\/wp-content\/uploads\/2021\/10\/20-1364x2048.png 1364w, http:\/\/zrkvelenje.si\/wp-content\/uploads\/2021\/10\/20-1024x1538.png 1024w, http:\/\/zrkvelenje.si\/wp-content\/uploads\/2021\/10\/20-719x1080.png 719w, http:\/\/zrkvelenje.si\/wp-content\/uploads\/2021\/10\/20.png 1812w\" sizes=\"(max-width: 682px) 100vw, 682px\" \/>\t\t\t\t\t\t\t\t\t\t\t<\/div>\n\t\t\t\t<\/div>\n\t\t\t\t<\/div>\n\t\t\t\t\t\t<\/div>\n\t\t\t\t\t<\/div>\n\t\t<\/div>\n\t\t\t\t\t\t\t\t<\/div>\n\t\t\t\t\t<\/div>\n\t\t<\/section>\n\t\t\t\t\t\t<\/div>\n\t\t\t\t\t<\/div>\n\t\t<\/div>\n\t\t\t\t\t\t\t\t<\/div>\n\t\t\t\t\t<\/div>\n\t\t<\/section>\n\t\t\t\t<section class=\"elementor-section elementor-top-section elementor-element elementor-element-f3876e7 elementor-section-boxed elementor-section-height-default elementor-section-height-default\" data-id=\"f3876e7\" data-element_type=\"section\">\n\t\t\t\t\t\t<div class=\"elementor-container elementor-column-gap-default\">\n\t\t\t\t\t\t\t<div class=\"elementor-row\">\n\t\t\t\t\t<div class=\"elementor-column elementor-col-50 elementor-top-column elementor-element elementor-element-f8d5cd1\" data-id=\"f8d5cd1\" data-element_type=\"column\">\n\t\t\t<div class=\"elementor-column-wrap elementor-element-populated\">\n\t\t\t\t\t\t\t<div class=\"elementor-widget-wrap\">\n\t\t\t\t\t\t<section class=\"elementor-section elementor-inner-section elementor-element elementor-element-35a9019 elementor-section-boxed elementor-section-height-default elementor-section-height-default\" data-id=\"35a9019\" data-element_type=\"section\">\n\t\t\t\t\t\t<div class=\"elementor-container elementor-column-gap-default\">\n\t\t\t\t\t\t\t<div class=\"elementor-row\">\n\t\t\t\t\t<div class=\"elementor-column elementor-col-50 elementor-inner-column elementor-element elementor-element-31d59f6\" data-id=\"31d59f6\" data-element_type=\"column\">\n\t\t\t<div class=\"elementor-column-wrap elementor-element-populated\">\n\t\t\t\t\t\t\t<div class=\"elementor-widget-wrap\">\n\t\t\t\t\t\t<div class=\"elementor-element elementor-element-b614a26 elementor-widget elementor-widget-image\" data-id=\"b614a26\" data-element_type=\"widget\" data-widget_type=\"image.default\">\n\t\t\t\t<div class=\"elementor-widget-container\">\n\t\t\t\t\t<div class=\"elementor-image\">\n\t\t\t\t\t\t\t\t\t\t<img width=\"682\" height=\"1024\" src=\"http:\/\/zrkvelenje.si\/wp-content\/uploads\/2021\/10\/19-682x1024.png\" class=\"attachment-large size-large\" alt=\"\" loading=\"lazy\" srcset=\"http:\/\/zrkvelenje.si\/wp-content\/uploads\/2021\/10\/19-682x1024.png 682w, http:\/\/zrkvelenje.si\/wp-content\/uploads\/2021\/10\/19-200x300.png 200w, http:\/\/zrkvelenje.si\/wp-content\/uploads\/2021\/10\/19-768x1153.png 768w, http:\/\/zrkvelenje.si\/wp-content\/uploads\/2021\/10\/19-1023x1536.png 1023w, http:\/\/zrkvelenje.si\/wp-content\/uploads\/2021\/10\/19-1364x2048.png 1364w, http:\/\/zrkvelenje.si\/wp-content\/uploads\/2021\/10\/19-1024x1538.png 1024w, http:\/\/zrkvelenje.si\/wp-content\/uploads\/2021\/10\/19-719x1080.png 719w, http:\/\/zrkvelenje.si\/wp-content\/uploads\/2021\/10\/19.png 1812w\" sizes=\"(max-width: 682px) 100vw, 682px\" \/>\t\t\t\t\t\t\t\t\t\t\t<\/div>\n\t\t\t\t<\/div>\n\t\t\t\t<\/div>\n\t\t\t\t\t\t<\/div>\n\t\t\t\t\t<\/div>\n\t\t<\/div>\n\t\t\t\t<div class=\"elementor-column elementor-col-50 elementor-inner-column elementor-element elementor-element-b5c8a50\" data-id=\"b5c8a50\" data-element_type=\"column\">\n\t\t\t<div class=\"elementor-column-wrap elementor-element-populated\">\n\t\t\t\t\t\t\t<div class=\"elementor-widget-wrap\">\n\t\t\t\t\t\t<div class=\"elementor-element elementor-element-45f5c30 elementor-widget elementor-widget-text-editor\" data-id=\"45f5c30\" data-element_type=\"widget\" data-widget_type=\"text-editor.default\">\n\t\t\t\t<div class=\"elementor-widget-container\">\n\t\t\t\t\t<div class=\"elementor-text-editor elementor-clearfix\"><p style=\"text-align: center;\"><strong>&nbsp;<\/strong><\/p>\n<p style=\"text-align: center;\"><strong>&nbsp;<\/strong><\/p>\n<p style=\"text-align: center;\"><strong style=\"font-size: 18px; color: var( --e-global-color-text ); font-family: var( --e-global-typography-text-font-family ), Sans-serif;\"><br><\/strong><\/p><p style=\"text-align: center;\"><strong style=\"font-size: 18px; color: var( --e-global-color-text ); font-family: var( --e-global-typography-text-font-family ), Sans-serif;\">ROBI LAIN\u0160\u010cEK<\/strong><span style=\"font-size: 18px; color: var( --e-global-color-text ); font-family: var( --e-global-typography-text-font-family ), Sans-serif; font-weight: var( --e-global-typography-text-font-weight );\">&nbsp;<\/span><\/p>\n<p style=\"text-align: center;\"><br><\/p>\n<p style=\"text-align: center;\">TRENER VRATARK&nbsp;<\/p><\/div>\n\t\t\t\t<\/div>\n\t\t\t\t<\/div>\n\t\t\t\t\t\t<\/div>\n\t\t\t\t\t<\/div>\n\t\t<\/div>\n\t\t\t\t\t\t\t\t<\/div>\n\t\t\t\t\t<\/div>\n\t\t<\/section>\n\t\t\t\t\t\t<\/div>\n\t\t\t\t\t<\/div>\n\t\t<\/div>\n\t\t\t\t<div class=\"elementor-column elementor-col-50 elementor-top-column elementor-element elementor-element-0548b41\" data-id=\"0548b41\" data-element_type=\"column\">\n\t\t\t<div class=\"elementor-column-wrap\">\n\t\t\t\t\t\t\t<div class=\"elementor-widget-wrap\">\n\t\t\t\t\t\t\t\t<\/div>\n\t\t\t\t\t<\/div>\n\t\t<\/div>\n\t\t\t\t\t\t\t\t<\/div>\n\t\t\t\t\t<\/div>\n\t\t<\/section>\n\t\t\t\t\t\t<\/div>\n\t\t\t\t\t\t<\/div>\n\t\t\t\t\t<\/div>\n\t\t","protected":false},"excerpt":{"rendered":"<p>\u00a0 \u00a0 BOJAN BRCAR\u00a0 \u00a0 PREDSEDNIK KLUBA\u00a0 \u00a0 \u00a0 SNE\u017dANA TAM\u0160E RODI\u0106 \u00a0 TRENERKA \u010cLANSKE IN MLADINSKE EKIPE \u00a0 \u00a0 GABRIJELA TADI\u0106 \u00a0 POMO\u010cNICA GLAVNE TRENERKE\u00a0 \u00a0 \u00a0 \u00a0 SA\u0160O PISTOTNIK\u00a0 \u00a0 TRENER ZA TELESNO PRIPRAVO &nbsp; &nbsp; ROBI LAIN\u0160\u010cEK&nbsp; TRENER VRATARK&nbsp;<\/p>\n","protected":false},"author":1,"featured_media":0,"parent":0,"menu_order":0,"comment_status":"closed","ping_status":"closed","template":"","meta":[],"_links":{"self":[{"href":"http:\/\/zrkvelenje.si\/index.php?rest_route=\/wp\/v2\/pages\/505"}],"collection":[{"href":"http:\/\/zrkvelenje.si\/index.php?rest_route=\/wp\/v2\/pages"}],"about":[{"href":"http:\/\/zrkvelenje.si\/index.php?rest_route=\/wp\/v2\/types\/page"}],"author":[{"embeddable":true,"href":"http:\/\/zrkvelenje.si\/index.php?rest_route=\/wp\/v2\/users\/1"}],"replies":[{"embeddable":true,"href":"http:\/\/zrkvelenje.si\/index.php?rest_route=%2Fwp%2Fv2%2Fcomments&post=505"}],"version-history":[{"count":26,"href":"http:\/\/zrkvelenje.si\/index.php?rest_route=\/wp\/v2\/pages\/505\/revisions"}],"predecessor-version":[{"id":2511,"href":"http:\/\/zrkvelenje.si\/index.php?rest_route=\/wp\/v2\/pages\/505\/revisions\/2511"}],"wp:attachment":[{"href":"http:\/\/zrkvelenje.si\/index.php?rest_route=%2Fwp%2Fv2%2Fmedia&parent=505"}],"curies":[{"name":"wp","href":"https:\/\/api.w.org\/{rel}","templated":true}]}}